Calculate the highest common factor of g and 2.
1
Let r(n) = 357*n**2 - 274*n + 273. Let j be r(1). Calculate the highest common factor of j and 16.
4
Let g be (-9849)/(-6) - 3026/(-356). What is the greatest common divisor of g and 3795?
165
Let z(s) = 7*s**3 + 58*s**2 + 42*s + 180. Let q be z(-6). What is the greatest common divisor of 6608 and q?
56
Let v(m) = m**2 + 13*m - 6. Let l be v(-18). Suppose -48 - 15 = -3*o. What is the highest common factor of o and l?
21
Let a = 234 + -229. Let r be -2 + (a + -3)/((-2)/(-61)). Calculate the greatest common factor of 649 and r.
59
Let p(b) = 3*b**2 - 5. Let s(h) = -h**2 + 4*h + 2. Let n be s(0). Let x be p(n). Suppose 0 = -3*d + x + 2. What is the greatest common factor of 9 and d?
3
Suppose 2*a + 50 - 4 = -3*t, -2*a = 4*t + 62. Let p(b) = 3*b - 22. Let i be p(t). Let s = -67 - i. What is the highest common factor of 4 and s?
1
Suppose -5*q = -4*x - 21 + 4319, -q = -2*x + 2146. What is the greatest common divisor of 938 and x?
134
Suppose 7*y - 2*y = 50. Suppose -13*g + y*g + 30 = 0. Let k be (-5)/g*-2*(-52)/(-2). What is the highest common divisor of 65 and k?
13
Suppose 3120 = 4*a - 4*m, -3*m - 2*m + 1567 = 2*a. Suppose -1019 - a = -12*d. What is the greatest common divisor of 120 and d?
30
Let x = 15454 - 9825. What is the highest common divisor of x and 13?
13
Suppose 0 = -158*r - 206*r + 465920. Calculate the highest common factor of r and 100.
20
Let g be -6 - (8/(-2) - -2). Let n(a) = 8*a**2 - 5*a - 12. Let v be n(g). What is the highest common factor of v and 102?
34
Let i be (445*-1)/((-310)/62). What is the highest common factor of 5 and i?
1
Let s = 204 - 196. Let w(a) = 27*a - 2. Let y be w(3). Suppose -z + y = 7. Calculate the highest common factor of s and z.
8
Suppose 2*c + 0*c - g = 22, c + 4*g - 20 = 0. Let j be 12/18*75/(-2). Let x be (j/10)/((-3)/(-288)*-4). Calculate the highest common divisor of x and c.
12
Suppose 0 = 85*o - 88*o + 27. Suppose -21 = -o*z + 6. Let g be (2/4)/((-2)/(-12)). Calculate the greatest common factor of z and g.
3
Suppose a + 0*a - 4*b = 5, -b - 1 = 0. Let g = 89 - a. What is the highest common factor of g and 110?
22
Let i(l) = -384*l - 5031. Let f be i(-22). Calculate the highest common divisor of f and 153.
51
Suppose 0 = 14*z - 17*z + 12. Suppose -4*o + 1115 = z*b + 383, 15 = 3*b. Suppose -7*a + o = 10. Calculate the greatest common factor of 72 and a.
24
Let c be (110/4)/(5/(-10) + 6 + -5). What is the greatest common factor of c and 45?
5
Let f(g) = 8*g**2 - 11*g + 29. Let o be f(3). Let x = 91 - o. What is the greatest common factor of x and 207?
23
Let u = -3924 + 4197. What is the greatest common divisor of 63 and u?
21
Suppose 5*j = 5*u - 660 - 385, 3*j - 597 = -3*u. What is the highest common divisor of u and 1700?
68
Let d be 20/180*27*(1786/1)/2. Calculate the greatest common divisor of d and 141.
141
Suppose 255 + 34 = 4*h + m, -2*m + 362 = 5*h. Suppose 0 = -4*y - 11 - 5, 3*y = i. Let r be -1*72*i/8. Calculate the highest common factor of r and h.
36
Suppose -5*x = -4*i - 3731, -71*x = -66*x + 4*i - 3739. What is the greatest common divisor of 9 and x?
9
Suppose -19*k - 22*k + 42*k = 220. What is the highest common factor of k and 495?
55
Let v = 2955 - 2881. What is the highest common divisor of v and 6179?
37
Let j be (-3)/12 - (-1089)/36. Let g be 12/j + 24/15. Suppose -g*z + 3*z = 4*r + 26, -2*z + 59 = -r. What is the highest common divisor of z and 10?
10
Let o be 12 - (-5)/((-75)/30). Suppose -5*l + 0*l - 5*v + 60 = 0, -l + 32 = -3*v. Suppose 107 = n + l. What is the highest common divisor of o and n?
10
Let t be 72 + (42/54 - 1 - 8/(-36)). Calculate the greatest common divisor of 909 and t.
9
Let f = 3152 + 493. Calculate the highest common divisor of 162 and f.
81
Let s = -623 - -629. Let n be 63/3 - s - -7. What is the greatest common factor of n and 55?
11
Suppose -2*d = -2*h - 4 + 6, 3*d + 5*h = 5. Suppose -o + 163 = 2*v, -3*o - v = -d*o - 464. Let a = 335 - o. What is the highest common factor of 26 and a?
26
Let q be (-18)/(576/(-2128)) + (-3)/(-2) + 2. Calculate the highest common factor of q and 2086.
14
Let v = -104 - -157. Suppose 5*d - 4*o = -94, -3*o = 3*d - 2*o + v. Let y = 31 - d. What is the greatest common factor of y and 7?
7
Suppose -5981 = -3*x + 5178 + 8152. Calculate the greatest common factor of 785 and x.
157
Suppose 780 + 4732 = 104*f. Let g be ((-53)/(-2))/((-1)/(-8)). Suppose -v + 3*v - g = 0. What is the highest common factor of v and f?
53
Let h be 8/((4/52)/(-5 - -2)). Let f = h - -335. Calculate the highest common factor of 92 and f.
23
Let o = -29 + 33. Suppose -f + 2205 - 2867 = -4*p, 2*p - 5*f - 358 = 0. Calculate the greatest common factor of o and p.
4
Let a(h) = h**3 + 20*h**2 - 24*h - 58. Let k be a(-21). Suppose 1190 = k*l + 5*u, 4*u - 3*u - 4 = 0. Calculate the greatest common divisor of l and 26.
26
Let x = -128 + 65. Let f = -47 + x. Let d be (f/(-30))/(1/27). Calculate the greatest common factor of d and 9.
9
Let h(d) = 62*d**2 - 375*d - 5383. Let t be h(-15). Calculate the greatest common divisor of 48 and t.
16
Suppose -4*r + 16 = 0, 2*r + 8632 = -303*d + 306*d. Calculate the highest common factor of 800 and d.
160
Let i(n) = n**2 - 5*n - 48. Let m be (170/(-4))/5 + 45/30. Let y be i(m). Calculate the greatest common divisor of y and 24.
12
Let z(h) = 36*h - 1. Let o be z(5). Suppose -34*j + 59 + o = 0. What is the greatest common factor of 203 and j?
7
Let y(r) = 3*r**2 + 5*r + 2. Let o be y(-3). Let b be (-4)/o - 48/(-21). Let s = 1767 - 1762. Calculate the highest common divisor of b and s.
1
Suppose 2*k - 3*j + 34 = 3*k, 4*j = 4*k - 168. Suppose -t - k = t. Let o = 10 - t. What is the greatest common factor of o and 12?
6
Suppose -9*l - 2508 + 2634 = 0. What is the highest common divisor of 3402 and l?
14
Let r(q) = 2*q**3 - 30*q**2 + 12*q + 140. Let d be r(17). What is the greatest common factor of d and 420?
60
Let d = -15 - -41. Let u be ((-2)/(-2))/(2/d). Let l(v) = -275*v - 446. Let x be l(-2). Calculate the highest common divisor of x and u.
13
Let x be 136 + -135 - (2 + -1402*13). Calculate the highest common divisor of 25 and x.
25
Let z(v) = 2*v**3 - 14*v**2 - 14*v - 9. Let k be z(8). Suppose 0 = p - 2*f - 44, 154 = 4*p - 4*f + k*f. Calculate the highest common factor of 300 and p.
20
Let h be (-4)/(-26) + 1798416/702. What is the greatest common divisor of 42 and h?
42
Let v be (-4)/62 - (-9)/((-6696)/(-77424)). Calculate the greatest common divisor of v and 3900.
52
Suppose 0 = -a - 4*g + 2147, -15*a = -10*a + 2*g - 10843. Calculate the greatest common factor of a and 26.
13
Let f = 5690 - 5536. What is the greatest common divisor of 112 and f?
14
Suppose -42 = -529*d + 523*d. Calculate the highest common factor of 62 and d.
1
Let n be (-74)/(-4)*(-4)/12*-6. Let m = n - 32. Let k be 12 + m*(-2)/(-5) + 2. Calculate the greatest common divisor of k and 72.
8
Let s be (57 - -1)/2 - 1. Let r be (-785)/(-4) - (1005/(-60) - -17). Calculate the highest common factor of r and s.
28
Let z = -1295 - -2208. Let r = -908 + z. What is the greatest common divisor of 11 and r?
1
Suppose 0 = 2*y + 3*h - 138, 0*y = -3*y + 4*h + 224. Let l = 1 + 7. Suppose -480 = -l*j + 3*j. Calculate the highest common factor of y and j.
24
Let u(c) = c**2 + 5*c - 122. Let k be u(13). Calculate the highest common divisor of k and 3.
1
Let m be 12/(-15)*-3*170/(-4). Let z = m - -110. What is the highest common factor of 8 and z?
8
Suppose 24*z - 10783 = -3*q + 23*z, 0 = -3*q + 5*z + 10741. What is the greatest common factor of q and 16?
8
Suppose -14*v + 56*v = 2352. Calculate the highest common factor of v and 2744.
56
Let m(l) = -3*l + 24. Let h be m(0). What is the greatest common divisor of 2824 and h?
8
Let g be 114/8*216/81. What is the greatest common factor of 5 and g?
1
Suppose 0*v - 5*v + 630 = 0. Let i = 69 - -15. Calculate the highest common divisor of v and i.
42
Suppose 0 = r + 6 - 10. Suppose q - 16 = 3*l, 4*l = 5*q + 9*l. Let n be 9/6 + (q - 45/10). Calculate the highest common divisor of r and n.
1
Let o(p) = -p - 5. Let z be o(-7). Suppose 0 = z*w - 0*w + 4*x - 232, -3*x - 204 = -2*w. What is the highest common divisor of w and 162?
54
Suppose 3*h - 5*n - 2400 = -2*n, -3*n + 6 = 0. Su